{"id":155,"date":"2017-01-18T18:03:12","date_gmt":"2017-01-18T17:03:12","guid":{"rendered":"http:\/\/christianraboud.ch\/thienlequoc\/?page_id=155"},"modified":"2018-03-14T13:44:58","modified_gmt":"2018-03-14T12:44:58","slug":"bio","status":"publish","type":"page","link":"https:\/\/thienlequoc.ch\/?page_id=155","title":{"rendered":"Publications"},"content":{"rendered":"[vc_row][vc_column][vc_column_text]\n<h3>Publications<\/h3>\n[\/vc_column_text][vc_column_text]Cliquez sur les liens ci-dessous pour t\u00e9l\u00e9charger l&rsquo;article<\/p>\n<ul>\n<li><a title=\"Cliquez pour regarder l'\u00e9mission\" href=\"http:\/\/christianraboud.ch\/thienlequoc\/wp-content\/uploads\/2018\/03\/prsentation-exposition-le-laurier.pdf\">Pr\u00e9sentation artiste &#8211; Galerie Le Laurier, Monthey &#8211; 2018<\/a><\/li>\n<li><a title=\"Cliquez pour regarder l'\u00e9mission\" href=\"http:\/\/www.canal9.ch\/cosmopolis-du-19-06-2014\/\">Reportage sur l&rsquo;atelier d&rsquo;expression artistique &#8211; T\u00e9l\u00e9vision Canal 9 &#8211; juin 2014<\/a><\/li>\n<\/ul>\n[\/vc_column_text][vc_separator][\/vc_column][\/vc_row]\n","protected":false},"excerpt":{"rendered":"<p>[vc_row][vc_column][vc_column_text] Publications [\/vc_column_text][vc_column_text]Cliquez sur les liens ci-dessous pour t\u00e9l\u00e9charger l&rsquo;article Pr\u00e9sentation artiste &#8211; Galerie Le Laurier, Monthey &#8211; 2018 Reportage sur l&rsquo;atelier d&rsquo;expression artistique &#8211; T\u00e9l\u00e9vision Canal 9 &#8211; juin 2014 [\/vc_column_text][vc_separator][\/vc_column][\/vc_row]<\/p>\n","protected":false},"author":1,"featured_media":0,"parent":0,"menu_order":0,"comment_status":"closed","ping_status":"closed","template":"","meta":[],"_links":{"self":[{"href":"https:\/\/thienlequoc.ch\/index.php?rest_route=\/wp\/v2\/pages\/155"}],"collection":[{"href":"https:\/\/thienlequoc.ch\/index.php?rest_route=\/wp\/v2\/pages"}],"about":[{"href":"https:\/\/thienlequoc.ch\/index.php?rest_route=\/wp\/v2\/types\/page"}],"author":[{"embeddable":true,"href":"https:\/\/thienlequoc.ch\/index.php?rest_route=\/wp\/v2\/users\/1"}],"replies":[{"embeddable":true,"href":"https:\/\/thienlequoc.ch\/index.php?rest_route=%2Fwp%2Fv2%2Fcomments&post=155"}],"version-history":[{"count":15,"href":"https:\/\/thienlequoc.ch\/index.php?rest_route=\/wp\/v2\/pages\/155\/revisions"}],"predecessor-version":[{"id":569,"href":"https:\/\/thienlequoc.ch\/index.php?rest_route=\/wp\/v2\/pages\/155\/revisions\/569"}],"wp:attachment":[{"href":"https:\/\/thienlequoc.ch\/index.php?rest_route=%2Fwp%2Fv2%2Fmedia&parent=155"}],"curies":[{"name":"wp","href":"https:\/\/api.w.org\/{rel}","templated":true}]}}

[vc_row][vc_column][vc_column_text]
<h3>Publications</h3>
[/vc_column_text][vc_column_text]Cliquez sur les liens ci-dessous pour télécharger l&rsquo;article</p>
<ul>
<li><a title="Cliquez pour regarder l'émission" href="http://christianraboud.ch/thienlequoc/wp-content/uploads/2018/03/prsentation-exposition-le-laurier.pdf">Présentation artiste &#8211; Galerie Le Laurier, Monthey &#8211; 2018</a></li>
<li><a title="Cliquez pour regarder l'émission" href="http://www.canal9.ch/cosmopolis-du-19-06-2014/">Reportage sur l&rsquo;atelier d&rsquo;expression artistique &#8211; Télévision Canal 9 &#8211; juin 2014</a></li>
</ul>
[/vc_column_text][vc_separator][/vc_column][/vc_row]

<p>[vc_row][vc_column][vc_column_text] Publications [/vc_column_text][vc_column_text]Cliquez sur les liens ci-dessous pour télécharger l&rsquo;article Présentation artiste &#8211; Galerie Le Laurier, Monthey &#8211; 2018 Reportage sur l&rsquo;atelier d&rsquo;expression artistique &#8211; Télévision Canal 9 &#8211; juin 2014 [/vc_column_text][vc_separator][/vc_column][/vc_row]</p>
